{"id":120,"date":"2024-04-02T20:35:10","date_gmt":"2024-04-02T20:35:10","guid":{"rendered":"http:\/\/finanzpastor.de\/?page_id=120"},"modified":"2026-02-26T20:53:14","modified_gmt":"2026-02-26T20:53:14","slug":"impressum","status":"publish","type":"page","link":"https:\/\/finanzpastor.de\/?page_id=120","title":{"rendered":"Impressum"},"content":{"rendered":"<p><a name=\"_Toc158554024\"><\/a><strong>Angaben gem\u00e4\u00df \u00a7 5 TMG<\/strong><\/p>\n<p>Finanzpastor Jonathan Hack<\/p>\n<div class=\"aiAXrc\">Limburgstra\u00dfe 8<br \/>\n<span style=\"font-size: revert;\">73266 Bissingen an der Teck<\/span><\/div>\n<p><strong>Vertreten durch:<\/strong><br \/>\nJonathan Hack<\/p>\n<p>Registereintrag: Amtsgericht Stuttgart,<\/p>\n<p>Das Unternehmen ist t\u00e4tig als:<\/p>\n<p>Versicherungsmakler nach \u00a734d Absatz 1 GewO<\/p>\n<p>Registernummer: D-AWP6-IHE2Z-08<\/p>\n<p><a name=\"_Toc158554025\"><\/a><strong>Kontakt<\/strong><\/p>\n<p>Telefon: 0151-74586709<br \/>\nE-Mail: info@finanzpastor.de<\/p>\n<p><a name=\"_Toc158554026\"><\/a><strong>Umsatzsteuer-ID<\/strong><\/p>\n<p>Umsatzsteuer-Identifikationsnummer gem\u00e4\u00df \u00a7 27 a Umsatzsteuergesetz:<br \/>\n97037\/10467<\/p>\n<p><strong>Zust\u00e4ndige Aufsichtsbeh\u00f6rde:<\/strong><\/p>\n<p>IHK Stuttgart<\/p>\n<div class=\"text\">J\u00e4gerstra\u00dfe 30<br \/>\n70174 Stuttgart<\/div>\n<div><\/div>\n<div class=\"text\">Postfach 10 24 44<br \/>\n70020 Stuttgart<\/div>\n<div><\/div>\n<div class=\"text\">Telefon 0711 2005-0<br \/>\nTelefax 0711 2005-1354<br \/>\n<a title=\"externer Link\" href=\"mailto:info@stuttgart.ihk.de\" target=\"_blank\" rel=\"noopener\" data-linktypeicon=\"CMExternalLink\" data-auto-event-observed=\"true\">info@stuttgart.ihk.de<\/a><\/div>\n<p>Das Vermittlerregister wird gef\u00fchrt bei:<\/p>\n<p><strong>Deutscher Industrie- und Handelskammertag (DIHK)<\/strong><br \/>\nBreite Stra\u00dfe 29, 10178 Berlin<br \/>\nTel: 0180 \u2013 60 05 850<br \/>\n(Festnetzpreis 0,20 \u20ac\/Anruf; Mobilfunkpreise maximal 0,60 \u20ac\/Anruf)<br \/>\nFax: 030 \u2013 20 30 81 000<br \/>\nE-Mail:\u00a0<a href=\"mailto:vr@dihk.de\">vr@dihk.de<\/a><br \/>\nInternet:\u00a0<a href=\"http:\/\/www.vermittlerregister.info\/\">www.vermittlerregister.info<\/a><\/p>\n<p><strong>Berufsrechtliche Regelungen:<br \/>\n<\/strong>\u2013 \u00a7 34d Gewerbeordnung (GewO)<br \/>\n\u2013 \u00a7 48b Versicherungsaufsichtsgesetz (VAG)<br \/>\n\u2013 \u00a7\u00a7 59-68 des Versicherungsvertragsgesetzes (VVG)<br \/>\n\u2013 Verordnung \u00fcber die Versicherungsvermittlung und \u2013 beratung (VersVermV)<br \/>\n\u2013 Verordnung \u00fcber die Finanzanlagenvermittlung (FinVermV)<\/p>\n<p>Die berufsrechtlichen Regelungen k\u00f6nnen \u00fcber die vom Bundesministerium der Justiz und von der juris GmbH betriebenen Homepage\u00a0<a href=\"http:\/\/www.gesetze-im-internet.de\/\">www.gesetze-im-internet.de<\/a>\u00a0eingesehen und abgerufen werden.<\/p>\n<p><strong>Beratung und Verg\u00fctung:<\/strong><\/p>\n<p>Die T\u00e4tigkeit beinhaltet auch Beratung. Die Verg\u00fctung der T\u00e4tigkeit erfolgt als:<\/p>\n<ul>\n<li>in den Versicherungspr\u00e4mien enthaltene Provision \u2013 einer sogenannten Courtage \u2013 die vom jeweiligen Produktanbieter ausgezahlt wird oder als<\/li>\n<li>konkret vereinbarte Zahlung durch den Kunden (Honorarberatung) oder als<\/li>\n<li>Kombination aus beidem<\/li>\n<\/ul>\n<p>Dies ist letztlich abh\u00e4ngig von den W\u00fcnschen und Bed\u00fcrfnissen des Kunden und den Versicherungs- und Vorsorgeprodukten, welche vermittelt werden.<\/p>\n<p>Die Gesellschaft h\u00e4lt keine unmittelbaren oder mittelbaren Beteiligungen von mehr als 10% der Stimmrechte oder des Kapitals an einem Versicherungsunternehmen. Ein Versicherungsunternehmen h\u00e4lt keine mittelbaren oder unmittelbaren Beteiligungen von mehr als 10% der Stimmrechte oder des Kapitals der Gesellschaft.<\/p>\n<p>Die Anschriften der Schlichtungsstellen, die bei Streitigkeiten zwischen Vermittlern oder Beratern und Versicherungsnehmern angerufen werden k\u00f6nnen, lauten:<\/p>\n<p><strong>Versicherungsombudsmann e.V.<\/strong><br \/>\nPostfach 08 06 32, 10006 Berlin<br \/>\nTel: 0800 \u2013 36 96 000<br \/>\nFax: 0800 \u2013 36 99 000<br \/>\nE-Mail:\u00a0<a href=\"mailto:beschwerde@versicherungsombudsmann.de\">beschwerde@versicherungsombudsmann.de<\/a><br \/>\nInternet:\u00a0<a href=\"http:\/\/www.versicherungsombudsmann.de\/\">www.versicherungsombudsmann.de<\/a><\/p>\n<p><strong>Ombudsmann f\u00fcr die Private Kranken- und Pflegeversicherung<\/strong><br \/>\nPostfach 06 02 22, 10052 Berlin<br \/>\nTel: 0800 \u2013 25 50 444<br \/>\nFax: 030 \u2013 20 45 89 31<br \/>\nE-Mail:\u00a0<a href=\"mailto:ombudsmann@pkv-ombudsmann.de\">ombudsmann@pkv-ombudsmann.de<\/a><br \/>\nInternet:\u00a0<a href=\"http:\/\/www.pkv-ombudsmann.de\/\">www.pkv-ombudsmann.de<\/a><\/p>\n<p><strong>Schlichtungsstelle f\u00fcr gewerbliche Versicherungs-, Anlage- und Kreditvermittlung<br \/>\n<\/strong>Glockengie\u00dferwall 2, 20095 Hamburg<br \/>\nTel: 040 \u2013 69 65 08-90<br \/>\nFax: 040 \u2013 69 65 08-91<br \/>\nE-Mail:\u00a0<a href=\"mailto:kontakt@schlichtung-finanzberatung.de\">kontakt@schlichtung-finanzberatung.de<\/a><br \/>\nInternet:\u00a0<a href=\"http:\/\/www.schlichtung-finanzberatung.de\/\">www.schlichtung-finanzberatung.de<\/a><\/p>\n<p>Weitere Adressen \u00fcber Schlichtungsstellen und M\u00f6glichkeiten der au\u00dfergerichtlichen Streitbeilegung erhalten Sie bei:<br \/>\n<strong>Bundesanstalt f\u00fcr Finanzdienstleistungsaufsicht (BAFin)<\/strong><br \/>\nGraurheindorfer Str. 108, 53117 Bonn<br \/>\nTel: 0228 \u2013 41 08 0<br \/>\nFax: 0228 \u2013 41 08 1550<br \/>\nE-Mail:\u00a0<a href=\"mailto:poststelle@bafin.de\">poststelle@bafin.de<\/a><br \/>\nInternet:\u00a0<a href=\"http:\/\/www.bafin.de\/\">www.bafin.de<\/a><\/p>\n<p><strong>Informationen zur Online-Streitbeilegung<\/strong><br \/>\nDie Europ\u00e4ische Kommission hat gem\u00e4\u00df der Richtlinie 2013\/11\/EU eine Europ\u00e4ische Online-Streitbeilegungsplattform (OS-Plattform) errichtet. Diese OS-Plattform kann ein Verbraucher f\u00fcr die au\u00dfergerichtliche Beilegung einer Streitigkeit aus Online-Vertr\u00e4gen mit einem in der EU niedergelassenen Unternehmen nutzen. Die OS-Plattform ist unter folgendem Link erreichbar:<br \/>\n<a href=\"https:\/\/ec.europa.eu\/consumers\/odr\/\">https:\/\/ec.europa.eu\/consumers\/odr\/<\/a><\/p>\n<p><a name=\"_Toc158554027\"><\/a><strong>Disclaimer<\/strong><\/p>\n<p><strong>Haftung f\u00fcr Inhalte<\/strong><\/p>\n<p>Die Inhalte unserer Seiten wurden mit gr\u00f6\u00dfter Sorgfalt erstellt. F\u00fcr die Richtigkeit, Vollst\u00e4ndigkeit und Aktualit\u00e4t der Inhalte k\u00f6nnen wir jedoch keine Gew\u00e4hr \u00fcbernehmen. Als Diensteanbieter sind wir gem\u00e4\u00df \u00a7 7 Abs.1 TMG f\u00fcr eigene Inhalte auf diesen Seiten nach den allgemeinen Gesetzen verantwortlich. Nach \u00a7\u00a7 8 bis 10 TMG sind wir als Diensteanbieter jedoch nicht verpflichtet, \u00fcbermittelte oder gespeicherte fremde Informationen zu \u00fcberwachen oder nach Umst\u00e4nden zu forschen, die auf eine rechtswidrige T\u00e4tigkeit hinweisen. Verpflichtungen zur Entfernung oder Sperrung der Nutzung von Informationen nach den allgemeinen Gesetzen bleiben hiervon unber\u00fchrt. Eine diesbez\u00fcgliche Haftung ist jedoch erst ab dem Zeitpunkt der Kenntnis einer konkreten Rechtsverletzung m\u00f6glich. Bei Bekanntwerden von entsprechenden Rechtsverletzungen werden wir diese Inhalte umgehend entfernen.<\/p>\n<p><strong>Haftung f\u00fcr Links<\/strong><\/p>\n<p>Unser Angebot enth\u00e4lt Links zu externen Webseiten Dritter, auf deren Inhalte wir keinen Einfluss haben. Deshalb k\u00f6nnen wir f\u00fcr diese fremden Inhalte auch keine Gew\u00e4hr \u00fcbernehmen. F\u00fcr die Inhalte der verlinkten Seiten ist stets der jeweilige Anbieter oder Betreiber der Seiten verantwortlich. Die verlinkten Seiten wurden zum Zeitpunkt der Verlinkung auf m\u00f6gliche Rechtsverst\u00f6\u00dfe \u00fcberpr\u00fcft. Rechtswidrige Inhalte waren zum Zeitpunkt der Verlinkung nicht erkennbar. Eine permanente inhaltliche Kontrolle der verlinkten Seiten ist jedoch ohne konkrete Anhaltspunkte einer Rechtsverletzung nicht zumutbar. Bei Bekanntwerden von Rechtsverletzungen werden wir derartige Links umgehend entfernen.<\/p>\n<p><strong>Urheberrecht<\/strong><\/p>\n<p>Die durch die Seitenbetreiber erstellten Inhalte und Werke auf diesen Seiten unterliegen dem deutschen Urheberrecht. Die Vervielf\u00e4ltigung, Bearbeitung, Verbreitung und jede Art der Verwertung au\u00dferhalb der Grenzen des Urheberrechtes bed\u00fcrfen der schriftlichen Zustimmung des jeweiligen Autors bzw. Erstellers. Downloads und Kopien dieser Seite sind nur f\u00fcr den privaten, nicht kommerziellen Gebrauch gestattet. Soweit die Inhalte auf dieser Seite nicht vom Betreiber erstellt wurden, werden die Urheberrechte Dritter beachtet. Insbesondere werden Inhalte Dritter als solche gekennzeichnet. Sollten Sie trotzdem auf eine Urheberrechtsverletzung aufmerksam werden, bitten wir um einen entsprechenden Hinweis. Bei Bekanntwerden von Rechtsverletzungen werden wir derartige Inhalte umgehend entfernen.<\/p>\n<p><strong>ESG<\/strong><\/p>\n<p><strong>Informationen \u00fcber Nachhaltigkeitsrisiken bei Finanzprodukten<\/strong><\/p>\n<p><strong>Was sind Nachhaltigkeitsrisiken?<\/strong><\/p>\n<p>Als Nachhaltigkeitsrisiken (ESG-Risiken) werden Ereignisse oder Bedingungen aus den drei Bereichen Umwelt (<strong>E<\/strong>nvironment), Soziales (<strong>S<\/strong>ocial) und Unternehmensf\u00fchrung (<strong>G<\/strong>overnance) bezeichnet, deren Eintreten negative Auswirkungen auf den Wert der Investition bzw. Anlage haben k\u00f6nnten. Diese Risiken k\u00f6nnen einzelne Unternehmen genauso wie ganze Branchen oder Regionen betreffen.<\/p>\n<p><strong>Was gibt es f\u00fcr Beispiele f\u00fcr Nachhaltigkeitsrisiken in den drei Bereichen?<\/strong><\/p>\n<ul>\n<li><strong>Umwelt<\/strong>: In Folge des Klimawandels k\u00f6nnten vermehrt auftretende Extremwetterereignisse ein Risiko darstellen. Dieses Risiko wird auch physisches Risiko genannt. Ein Beispiel hierf\u00fcr w\u00e4re eine extreme Trockenperiode in einer bestimmten Region. Dadurch k\u00f6nnten Pegel von Transportwegen wie Fl\u00fcssen so weit sinken, dass der Transport von Waren beeintr\u00e4chtigt werden k\u00f6nnte.<\/li>\n<li><strong>Soziales<\/strong>: Im Bereich des Sozialen k\u00f6nnten sich Risiken zum Beispiel aus der Nichteinhaltung von arbeitsrechtlichen Standards oder des Gesundheitsschutzes ergeben.<\/li>\n<li><strong>Unternehmensf\u00fchrung<\/strong>: Beispiele f\u00fcr Risiken im Bereich der Unternehmensf\u00fchrung sind etwa die Nichteinhaltung der Steuerehrlichkeit oder Korruption in Unternehmen.<\/li>\n<\/ul>\n<p><strong>Information zur Einbeziehung von Nachhaltigkeitsrisiken bei der Beratungst\u00e4tigkeit (Art. 3 TVO)<\/strong><\/p>\n<p>Um Nachhaltigkeitsrisiken bei der Beratung einzubeziehen, werden im Rahmen der Auswahl von Anbietern (Finanzmarktteilnehmern) und deren Finanzprodukten deren zur Verf\u00fcgung gestellte Informationen ber\u00fccksichtigt.<\/p>\n<p>Anbieter, die erkennbar keine Strategie zur Einbeziehung von Nachhaltigkeitsrisiken in ihre Investitionsentscheidungen haben, werden ggf. nicht angeboten.<\/p>\n<p>Im Rahmen der Beratung wird ggf. gesondert dargestellt, wenn die Ber\u00fccksichtigung der Nachhaltigkeitsrisiken bei der Investmententscheidung erkennbare Vor- bzw. Nachteile f\u00fcr den Kunden bedeuten.<\/p>\n<p>\u00dcber die Ber\u00fccksichtigung von Nachhaltigkeitsrisiken bei Investitionsentscheidungen des jeweiligen Anbieters informiert dieser mit seinen vorvertraglichen Informationen. Fragen dazu kann der Kunde im Vorfeld eines m\u00f6glichen Abschlusses ansprechen.<\/p>\n<p>Um die Bewertung von Nachhaltigkeitsrisiken vorzunehmen, nutzt der Finanzberater u.a. zus\u00e4tzliche Informationen von Dienstleistern, Verb\u00e4nden oder Organisationen, die sich auf die Beurteilung dieser Risiken spezialisiert haben. Grunds\u00e4tzlich wird auch in Bezug auf Nachhaltigkeitsrisiken eine m\u00f6glichst breite Streuung (Diversifizierung) der Anlage in Finanzprodukte oder ggf. auch innerhalb eines Finanzproduktes empfohlen.<\/p>\n<p><strong>Information zur Ber\u00fccksichtigung nachteiliger Auswirkungen auf Nachhaltigkeitsfaktoren (Art. 4 TVO)<\/strong><\/p>\n<p>Im Rahmen der Beratung werden die wichtigsten nachteiligen Auswirkungen von\u00a0Investitionsentscheidungen auf Nachhaltigkeitsfaktoren\u00a0ber\u00fccksichtigt. Die Ber\u00fccksichtigung erfolgt auf Basis der von den Anbietern zur Verf\u00fcgung gestellten Informationen zu ihrer Nachhaltigkeit und ggf. der Nachhaltigkeit des jeweiligen Finanzproduktes.<\/p>\n<p>(Zurzeit kann eine Ber\u00fccksichtigung auf Grund sich aufbauender, aber aktuell noch ggf. rudiment\u00e4rer Informationen durch die Anbieter lediglich bedingt erfolgen.)<\/p>\n<p><strong>Informationen zur Verg\u00fctungspolitik bei der Ber\u00fccksichtigung von Nachhaltigkeitsrisiken (Art. 5 TVO)<\/strong><\/p>\n<p>Die Verg\u00fctung f\u00fcr die Vermittlung von Finanzprodukten wird grunds\u00e4tzlich nicht von den Nachhaltigkeitsrisiken beeinflusst.<br \/>\nEs kann vorkommen, dass Anbieter die Ber\u00fccksichtigung von Nachhaltigkeitsrisiken bei Investitionen h\u00f6her verg\u00fcten. Wenn dies dem Kundeninteresses nicht widerspricht, wird die h\u00f6here Verg\u00fctung angenommen.<\/p>\n<p><a name=\"_Toc158554028\"><\/a><strong>Redaktionell verantwortlich<\/strong><\/p>\n<p>Jonathan Hack<\/p>\n","protected":false},"excerpt":{"rendered":"<p>Angaben gem\u00e4\u00df \u00a7 5 TMG Finanzpastor Jonathan Hack Limburgstra\u00dfe 8 73266 Bissingen an der Teck Vertreten durch: Jonathan Hack Registereintrag: Amtsgericht Stuttgart, Das Unternehmen ist t\u00e4tig als: Versicherungsmakler nach \u00a734d Absatz 1 GewO Registernummer: D-AWP6-IHE2Z-08 Kontakt Telefon: 0151-74586709 E-Mail: info@finanzpastor.de Umsatzsteuer-ID Umsatzsteuer-Identifikationsnummer gem\u00e4\u00df \u00a7 27 a Umsatzsteuergesetz: 97037\/10467 Zust\u00e4ndige Aufsichtsbeh\u00f6rde: IHK Stuttgart J\u00e4gerstra\u00dfe 30 70174 [&hellip;]<\/p>\n","protected":false},"author":2,"featured_media":0,"parent":0,"menu_order":0,"comment_status":"closed","ping_status":"closed","template":"","meta":{"_price":"","_stock":"","_tribe_ticket_header":"","_tribe_default_ticket_provider":"","_tribe_ticket_capacity":"0","_ticket_start_date":"","_ticket_end_date":"","_tribe_ticket_show_description":"","_tribe_ticket_show_not_going":false,"_tribe_ticket_use_global_stock":"","_tribe_ticket_global_stock_level":"","_global_stock_mode":"","_global_stock_cap":"","_tribe_rsvp_for_event":"","_tribe_ticket_going_count":"","_tribe_ticket_not_going_count":"","_tribe_tickets_list":"[]","_tribe_ticket_has_attendee_info_fields":false,"footnotes":"","_tec_slr_enabled":"","_tec_slr_layout":""},"ticketed":false,"_links":{"self":[{"href":"https:\/\/finanzpastor.de\/index.php?rest_route=\/wp\/v2\/pages\/120"}],"collection":[{"href":"https:\/\/finanzpastor.de\/index.php?rest_route=\/wp\/v2\/pages"}],"about":[{"href":"https:\/\/finanzpastor.de\/index.php?rest_route=\/wp\/v2\/types\/page"}],"author":[{"embeddable":true,"href":"https:\/\/finanzpastor.de\/index.php?rest_route=\/wp\/v2\/users\/2"}],"replies":[{"embeddable":true,"href":"https:\/\/finanzpastor.de\/index.php?rest_route=%2Fwp%2Fv2%2Fcomments&post=120"}],"version-history":[{"count":5,"href":"https:\/\/finanzpastor.de\/index.php?rest_route=\/wp\/v2\/pages\/120\/revisions"}],"predecessor-version":[{"id":247,"href":"https:\/\/finanzpastor.de\/index.php?rest_route=\/wp\/v2\/pages\/120\/revisions\/247"}],"wp:attachment":[{"href":"https:\/\/finanzpastor.de\/index.php?rest_route=%2Fwp%2Fv2%2Fmedia&parent=120"}],"curies":[{"name":"wp","href":"https:\/\/api.w.org\/{rel}","templated":true}]}}